4*k + 3485. What is the remainder when k is divided by 45?
40
Let i = 1202 + -1172. Let d be 28/10 - 1/(-5). Let k = 11 - d. What is the remainder when i is divided by k?
6
Suppose 15*r - 92 = 58. What is the remainder when 557 is divided by r?
7
Let y(p) = p**3 - 4*p**2 + 4*p - 1. Let a(q) = -q**2 + 7*q + 4. Let z be a(7). Let u(b) = -b**3 - 2*b**2. What is the remainder when y(z) is divided by u(-3)?
6
Let s(w) = -51*w**2 - 19*w - 6. Let o(v) = 3 - 26*v**2 - 10*v - 6 + 0. Let z(j) = 11*o(j) - 6*s(j). Calculate the remainder when z(-1) is divided by 8.
3
Let u(d) = -d**2 - 13*d + 5. Let t(m) = 26*m - 3. Let k(w) = -39*w + 4. Let g(h) = 5*k(h) + 7*t(h). What is the remainder when u(-7) is divided by g(-1)?
11
Suppose 0 = -15*v + 11*v + 24. Let l = 7 - 2. What is the remainder when v is divided by l?
1
Let s be 4/4 - (2 + -25). Suppose -5*o - s = -4. Let a(x) = -2*x + 3. Calculate the remainder when 32 is divided by a(o).
10
Let k(t) = 3*t - 4. Let u = 0 - -30. Suppose 5*v = h - u, -3*h + 74 = -v + 2*v. Calculate the remainder when h is divided by k(6).
11
What is the remainder when ((-24)/100*5)/((-9)/690) is divided by 20?
12
Let d(q) = -2*q**3 + 16*q**2 - 3*q - 20. Calculate the remainder when 624 is divided by d(7).
54
Let d be 0/(-1) - -2 - 0. Suppose 33 + 31 = d*g. Suppose 0 = 54*i - 58*i + 68. What is the remainder when g is divided by i?
15
Suppose 14*f - 152 = -5*f. Calculate the remainder when 16 is divided by f.
0
Let w(q) = -6*q + 4*q**2 + q**2 + q**3 + 0*q**3 + 2. What is the remainder when -5*2*(-4)/8 is divided by w(-6)?
1
Suppose 42 = 3*c - 45. Let f(k) = 2*k**2 + 3*k - 8. Let u be f(0). Calculate the remainder when c is divided by (u - -4) + (-2 - -14).
5
Let j(m) = m**2 + 2*m - 15. What is the remainder when 49 is divided by j(4)?
4
Let j be 6/(-8) + 11/4. Let i = 4 - -7. What is the remainder when i is divided by (-2)/(0 + j/(-4))?
3
Suppose 4*z = 25 - 13. Suppose z*d = -r + 36, -2*d - 15 - 11 = -r. What is the remainder when r is divided by 11?
8
Suppose -2*b + 0*b - 6 = -4*m, -3*b = -3*m - 3. Suppose 0 = -l - 3*q + m, q + 52 = -0*l + 5*l. What is the remainder when 49 is divided by l?
9
Let v = 458 - 421. Calculate the remainder when 102 is divided by v.
28
Suppose 0 = 5*j - 5*v - 460, -95 = -j - 0*v + 2*v. Calculate the remainder when j is divided by 9.
8
Suppose 0 = 6*l - l - 5*y - 90, 5*y = -20. Calculate the remainder when 670 is divided by l.
12
Suppose 2*d - 5*p = 2034, 2*p + 3*p = -2*d + 2014. What is the remainder when d is divided by 26?
24
Let u = -2119 + 2124. Calculate the remainder when 13 is divided by u.
3
Suppose 11*w - 8*w = -7*w + 150. Suppose -290 = -5*n + 3*o, -6*o + 2*o + 174 = 3*n. What is the remainder when n is divided by w?
13
Let r(h) = h**2 + 7*h + 4. Let l be r(-7). Let x(b) = b**2 + 19*b + 3. Let d be x(-19). Suppose l = j + d. Calculate the remainder when 1 is divided by j.
0
Let n be 63 - ((1 - -1) + -2). Let h be (-6 + 196/35)*85. Let v = n + h. What is the remainder when v is divided by 16?
13
Suppose 13*m + 22 = 269. What is the remainder when 72 is divided by m?
15
Suppose -8*t + 10*t = 16. Suppose 0 = y - 26 + 8. Suppose y - 168 = -5*k. Calculate the remainder when k is divided by t.
6
Suppose 3*k = -0*w + 4*w - 223, 0 = 5*w - 5*k - 285. Let c = w + -25. What is the remainder when c is divided by 16?
11
Calculate the remainder when 77 is divided by (7/2)/((-3)/(-6)) - 4.
2
Let u(g) = -3*g + 1. Suppose -d - 8 = 5*a, 3*a = 4 - 19. Suppose p - d = -4*i + i, 3*i = -3*p + 21. Calculate the remainder when u(-6) is divided by i.
4
Suppose 2 = 2*z + 6. Let g be (z - 0 - -3)*4. Calculate the remainder when 31 is divided by 16 - (4/(-1))/g.
14
Let u = 26 - 26. Let t(b) = -2*b + 7. Calculate the remainder when 24 is divided by t(u).
3
Suppose h = -5*x - 5, -h + 0 = 2*x - 1. Suppose h*d - 80 = -0*d. Let k = 9 + -3. What is the remainder when d is divided by k?
4
Calculate the remainder when 102 is divided by 1 - (-154)/6 - 48/72.
24
Let c(t) = t**3 + 5*t**2 - 4*t - 19. Calculate the remainder when c(-4) is divided by 6.
1
Let q(s) = 3*s**2 - 3*s - 8. Let y be q(7). Suppose -4*c = -6*c + y. What is the remainder when c is divided by 12?
11
Let x(u) = 2*u**3 - 3*u**2 + 7*u - 4. Let i be x(3). Let h = i - 9. What is the remainder when 207 is divided by h?
32
Suppose 5*t - 5 - 36 = -2*k, 2*k = -4*t + 32. What is the remainder when 32 is divided by t?
5
Suppose -b - 2*n + 11 = 0, 2*n - 16 = -2*n. What is the remainder when 80/15 + 12/(-9) is divided by (-4)/(-4) + b - 0?
0
Let b(i) be the first derivative of -3*i**2/2 - 40*i - 1. What is the remainder when b(-21) is divided by 13?
10
Suppose 24 = -3*p + 5*p. Calculate the remainder when (2 - p/10)/((-2)/(-145)) is divided by 16.
10
Suppose 0 = -2*f + 4*f. Suppose f*t = 4*t - 168. Suppose -13*c + 48 = -147. What is the remainder when t is divided by c?
12
Let a = 14 + -9. Suppose -36 = -4*h + 4*m, a = h - 4*m + 2. What is the remainder when 20 is divided by h?
9
Suppose 1772 + 28 = 5*i - 5*q, 5*i - 4*q = 1802. What is the remainder when i is divided by 73?
70
Let d(g) = g**3 + 5*g**2 - 10*g - 26. What is the remainder when 214 is divided by d(-5)?
22
Let o = 8 - -11. Suppose -3*v = -57 - 594. Suppose -3*b = -3*p - 174, 0*b = -4*b - p + v. What is the remainder when b is divided by o?
17
Let h(n) be the second derivative of 13*n**3/3 + n**2/2 - 8*n. Calculate the remainder when 105 is divided by h(1).
24
Suppose 0 = -95*m + 108*m - 676. What is the remainder when m is divided by 5?
2
Let y be 75/10*4/5. Let s = 5 + y. Suppose g - 28 = -s. What is the remainder when 65 is divided by g?
14
Suppose 12*x + 38 = -10. What is the remainder when 36 is divided by ((-22)/8 + 1)/(x/32)?
8
Suppose -2*g = -2 - 2. Let x = 4 - g. What is the remainder when 2 is divided by (3/x)/(9/6)?
0
Suppose z + 4*z + 2*l = 365, -5*l = 3*z - 200. Suppose -3*t + 4*t = 10*t. Calculate the remainder when z is divided by ((-2 - -2) + t + 1)*19.
18
Let t be (3/(-2) - 0)*-2. Suppose 0 = 2*s + t*s - 50. Suppose z - 33 - s = 0. What is the remainder when z is divided by 11?
10
Let m = 780 + -661. Calculate the remainder when m is divided by 39.
2
Suppose -166 = z - 3*z. Let w be (-2)/(-5) + (-16)/(-10). Suppose -w*i + 18 = -38. Calculate the remainder when z is divided by i.
27
Calculate the remainder when 44 is divided by (-4 + 5)/(-4 - 105/(-25)).
4
Suppose m = 6*m. Suppose -7*r + 12*r - 10 = m. Suppose r*j + 2*j = 24. Calculate the remainder when 10 is divided by j.
4
Let l be (387/6)/(((-6)/104)/1). Suppose 5*y - 255 = 5*z, 2*y + 3*z = 10 + 77. Calculate the remainder when y is divided by (-1)/5 + l/(-65).
14
Let d = 72 + -69. Calculate the remainder when 74 is divided by 35 + 3 + (d - 2).
35
Let k = 66 + -40. Suppose 4*v - 48 + 20 = 0. Calculate the remainder when k is divided by v.
5
Let z(y) = -13*y + 14. Suppose -3*p + 0*p = -2*t + 2, 0 = t + p + 9. What is the remainder when z(t) is divided by 16?
15
Let m = -36 - -40. Suppose -14 = -s - 5*n + 2, 0 = -m*s + n + 43. What is the remainder when 16 is divided by s?
5
Let z be ((-2)/(-6))/(1 - (-32)/(-36)). Suppose 37 - 212 = -5*q. Calculate the remainder when q is divided by (95/z)/5 + (-2)/6.
5
Let z(k) = -k**3 - 4*k**2 - 3*k - 1. Let h be z(-3). Let n be h/(28/(-30) + 1). Calculate the remainder when ((-270)/(-25))/((-3)/n) is divided by 14.
12
Let z(h) = h**3 + 5*h**2 - 2*h - 4. Let o be z(-4). What is the remainder when 15*2/o*18 is divided by 15?
12
Let g = 0 + 2. Suppose 5*s - 49 = -3*t + 13, -135 = -5*t - g*s. Calculate the remainder when t is divided by 11.
7
Let l be (-579)/(-6) - (-6)/(-4). Suppose -m + l = -2*y, -2*m + 5*m - y = 270. Let d = 78 - 48. What is the remainder when m is divided by d?
29
Let z(r) = -r**3 + 5*r**2 - 6*r + 2. Let p be z(4). Let t = -637 - -327. Calculate the remainder when t/p + (-3)/(-9) is divided by 14.
10
Suppose -3*z = -4*n, 0 = -2*n + z - 2*z. Calculate the remainder when (-3)/(3 + n) + 40 is divided by 8.
7
Let s be 2/3 - (-4)/(-6). Let j be (0 - s)*(-4 + 5). What is the remainder when 20 + (-3 + j - 0) is divided by 10?
7
Suppose -208 = -4*z - 2*x - 2*x, 3*x - 252 = -5*z. What is the remainder when z is divided by 30?
18
Let b(i) = -2*i**2 - 1. Let q be b(0). Calculate the remainder when 